he first derivative of t**4/4 + 2*t**3 + t**2/2 + 6*t + 1. Let u be k(-5). What is the highest common factor of u and a?
13
Let t = -21 + 21. Suppose t = x - 0 + 2, -4*x - 110 = -2*c. Calculate the greatest common divisor of 17 and c.
17
Suppose 19*h + 104*h - 83886 = 0. Calculate the greatest common factor of h and 33.
11
Suppose y - 4*r = 2, -y + 43 = 5*r - 13. Let h be ((-52)/(-10))/1*25. What is the highest common divisor of h and y?
26
Let p be (-1)/(3 + 534/(-177)). What is the greatest common factor of p and 177?
59
Let a be (-470)/6*(-123)/41. What is the highest common divisor of a and 141?
47
Suppose 9*j - 4*j - 10 = -5*v, -j = 4. What is the highest common factor of 42 and v?
6
Suppose -5*u + 3*s - 11 = 0, 0 = 3*u - 3*s + 3. Let n be u/(-30) + 686/30. What is the greatest common divisor of n and 115?
23
Let r(w) = -w**2 - 24*w + 90. Let z be r(-22). Calculate the highest common factor of z and 4.
2
Let s = -514 + 524. Suppose 4*v - 2*r - 10 = v, 3*v + 3*r = 0. Calculate the highest common divisor of s and v.
2
Let w = 43 + -25. Let h be 1/(-6) + (-434)/(-12). Suppose 0 = -h*b + 39*b - 27. What is the greatest common factor of b and w?
9
Suppose -16*h + 4*h + 96 = 0. Let m(i) = 16*i. Let x be m(4). Suppose 2*o + 2*o = x. Calculate the highest common factor of o and h.
8
Let q(x) = -x**2 + 11*x - 8. Let c be q(10). Suppose -r - 19 = -2*r. Let a = r - 9. What is the greatest common factor of c and a?
2
Suppose -4*w + 4*o = -164, 4*w - 3*o - 13 = 150. What is the highest common divisor of w and 60?
20
Suppose 23 = 4*i - 5*q, -3*i = 258*q - 257*q - 41. Let a be -10*1*(-72)/15. Calculate the greatest common factor of i and a.
12
Let s(c) = c + 16. Let d be s(-12). Let r(q) = -q - 2. Let t be r(-3). Calculate the greatest common factor of t and d.
1
Suppose -7*x = 204 - 414. What is the highest common factor of 18 and x?
6
Let c(y) = -8*y + 169. Let z be c(17). What is the highest common divisor of 264 and z?
33
Let q = -1503 + 1545. What is the highest common divisor of 56 and q?
14
Let n be (-36)/3*1*4/(-12). Calculate the greatest common divisor of n and 4.
4
Suppose 149 = m + 2*j, -2*m + j + 149 = -144. What is the highest common factor of 21 and m?
21
Suppose -99 - 9934 = -5*j - 4*i, -2*j + i = -4008. Suppose 0 = 7*t + 234 - j. Suppose -2*w + t = 37. What is the greatest common divisor of 12 and w?
12
Let l be (-66)/462 - (-6098)/7. What is the greatest common factor of l and 13?
13
Suppose -5*s = -2*s + 5*d + 31, 4*d = -4*s - 36. Let u(o) = o**2 - 5*o + 5. Let y be u(7). Let z = y + s. Calculate the highest common divisor of z and 48.
12
Let p(y) = 19 + 12*y**2 - 2*y + 4*y - 26 + 23 - y**3. Let n be p(12). Calculate the greatest common divisor of 5 and n.
5
Let y = 15 + -6. Let s = 17 + y. Let f = s - 14. What is the greatest common divisor of f and 108?
12
Suppose -s = 2*s - 6. Let i be (s/4)/(1/(-422)). Let h be i/(-7) - 12/84. Calculate the highest common factor of h and 6.
6
Suppose 0 = 37*u - 43*u + 12. Let h be (1 - 111)/((-4)/u). Suppose 39 = -5*n + 94. What is the highest common factor of h and n?
11
Let w = -43 - -44. Let z(n) = 21*n**2 - 1. Let p be z(w). Calculate the greatest common factor of p and 2.
2
Suppose -3*i + 1261 = 2*z, 0 = -182*i + 186*i + 2*z - 1678. Calculate the greatest common factor of i and 1529.
139
Let i be (-71)/15*-3*5. Let b = i - 51. Let d = b + -12. Calculate the highest common divisor of 2 and d.
2
Let o be (-180)/8 + (-3)/6. Let t = o + 83. What is the highest common divisor of 150 and t?
30
Let d be ((-3)/4)/(9/(-36)). Suppose -d*t + 8 = t. Suppose 3 = -j + t*j. What is the greatest common divisor of 15 and j?
3
Let x be (-4)/(-10) - 162/30. Let c be (-18)/(-45) - 1538/x. What is the greatest common divisor of 28 and c?
28
Suppose 32 = b + 4*q, 3*q = -2*q + 5. What is the greatest common divisor of b and 7?
7
Let w = -201 - -213. Calculate the greatest common divisor of w and 6.
6
Let o(h) = 5*h**2 - h + 8. Let j be o(-3). Let s = 158 + -142. Calculate the highest common divisor of s and j.
8
Suppose -45 = 7*a + 39. Let n(y) = y**2 + 10*y - 13. Let r be n(a). What is the greatest common divisor of r and 22?
11
Let a = 878 - 867. Suppose 3*q - 5*d = -0 + 9, 5*q = 2*d + 15. Suppose q*s = 4*s + 2*i - 109, 272 = 3*s - 5*i. Calculate the greatest common factor of a and s.
11
Suppose 3608 = 7*u - 16237. What is the greatest common factor of u and 35?
35
Let d be (-82)/3*-5*(-24)/(-80). Calculate the greatest common factor of 369 and d.
41
Let a = 46 + -26. Let y be 16*((-30)/8)/(-5). Suppose 2*z = 2*t + y, -t - 4 = -3*t. Calculate the highest common factor of z and a.
4
Let b be (15 - 4)/((-3)/3). Let r = 21 + b. Let t(g) = -2*g - 4. Let j be t(-4). What is the highest common factor of r and j?
2
Let y(g) = -g**2 + 11*g - 9. Let f be y(8). Let i = f + -12. Let k be (-4)/(-6) + 58/i. Calculate the greatest common factor of k and 30.
10
Let g be -8*(-3)/(-6) - -6. Suppose -g*y + 4*q = -240, y - 195 = -y - 5*q. What is the greatest common factor of y and 10?
10
Let x be (-3)/4 - (-652)/16. Suppose -5*p + 81 = 4*o, 3*o - 2*p + x = 5*o. Let z be (-173 + 2)*(2 - 3). What is the highest common divisor of o and z?
19
Let a(q) = 2*q**2 - 14*q + 48. Let w be a(8). Let y = -4 - -12. Calculate the greatest common divisor of w and y.
8
Let b be (1/(1/10))/1. Let j(m) be the second derivative of 7*m**3/6 - 7*m**2 + 7*m - 2. Let p be j(b). What is the greatest common divisor of 7 and p?
7
Suppose 0 = -5*j + 5*z + 557 + 88, 673 = 5*j + 2*z. Let h be -1*(4 - 36 - -2). Let q = -11 + h. What is the highest common divisor of q and j?
19
Let w be (-6*1/5)/(12/(-40)). Suppose -6*l + 666 = -w*l. Calculate the greatest common divisor of 37 and l.
37
Let p = -330 - -400. What is the greatest common factor of p and 154?
14
Suppose 20*o + 180 = 24*o. Calculate the highest common divisor of 15 and o.
15
Suppose 4*f - 87 = 1. Let w = f - 1. What is the highest common divisor of 210 and w?
21
Suppose -2*a = 0, -2*k = 2*a + 3*a + 32. Let m(p) = -p**2 - 19*p - 38. Let h be m(k). Calculate the greatest common divisor of h and 70.
10
Let l = -284 + 540. What is the highest common divisor of l and 96?
32
Let c(t) = -2*t**3 - 6*t**2 + 9*t + 8. Let q be c(-5). Suppose 0 = g + 5*y - 4, -y = 6*g - 3*g - 26. What is the highest common factor of g and q?
9
Suppose -14 - 13 = -3*m. Suppose 0 = 2*o - 5*n - 29, 2*n = -5*o + 195 - 50. What is the highest common factor of o and m?
9
Let a be 1/((-21)/224)*-3. What is the greatest common divisor of a and 304?
16
Let v(r) = 4427*r - 16 + r**2 - 4416*r - 2*r**2. Let s be v(6). What is the highest common factor of s and 2?
2
Suppose -3*g - 99 = -3*c, c - 2*g - 177 = -4*c. Calculate the highest common divisor of c and 74.
37
Suppose -29*y + 229 = -32. Calculate the greatest common factor of y and 864.
9
Suppose 22 = p + 3*i, -8*p + i + 94 = -3*p. Let q = 5 - 12. Let l(s) = -s**3 - 3*s**2 + 6*s - 2. Let f be l(q). Calculate the greatest common factor of p and f.
19
Suppose 0 = 236*x - 227*x - 324. What is the highest common divisor of x and 468?
36
Let b be 6/(-8) + 1837/44. What is the greatest common divisor of 492 and b?
41
Let o = 4 - 4. Suppose 2*y + 2*k - 10 = 0, 5*k - 7 = y - o*k. What is the greatest common factor of y and 24?
3
Let o be 913/22 + 5/(-2). Let p(t) = 4*t**2 + 6*t + 2. Let a be p(-7). Calculate the greatest common divisor of a and o.
39
Suppose -3*r + 3*k + 33 = 0, -5*k + 4*k = r - 19. Let u be r/(1/((-1)/(-1))). Suppose 75 = 19*j - 18*j. Calculate the highest common divisor of j and u.
15
Suppose 6*h = 283 - 241. What is the highest common factor of 98 and h?
7
Suppose 4*r - r + y = -1, -5*r = -2*y + 20. Let a be r/5 - (-54)/10. Calculate the greatest common factor of a and 1.
1
Let p = -199 - -180. Let c(r) = -r**2 - 21*r + 7. Let f be c(p). Let y(x) = -10*x - 1. Let h be y(-1). What is the greatest common divisor of f and h?
9
Suppose 3*v = 143 - 8. Let r be 18/(-24) - 15/(-4). Suppose u + r*t - v = 0, 4*u + t + 2*t - 216 = 0. What is the highest common factor of u and 19?
19
Let n(d) = d**3 + 19*d**2 - 61*d + 93. Let o be n(-21). Calculate the highest common divisor of o and 36.
12
Suppose 1 = 3*h + 1. Suppose -3*b = 4*d - 38, h*d = -4*b + 3*d + 84. What is the greatest c